s 107704503 a multiple of 205?
False
Is 254 a factor of 1239776406?
False
Does 180 divide 981375300?
True
Does 738 divide 187112520?
True
Is 3532 a factor of 332834488?
True
Does 3 divide 205118212?
False
Is 6550564 a multiple of 247?
False
Does 1673 divide 70478115?
False
Is 182623730 a multiple of 9?
False
Does 308 divide 795506404?
True
Does 3 divide 3025869?
True
Is 87 a factor of 25160269?
False
Is 42911750 a multiple of 1582?
True
Is 214407480 a multiple of 76?
False
Is 229 a factor of 713073711?
True
Does 2 divide 82989224?
True
Does 345 divide 11633503?
False
Is 92669730 a multiple of 129?
True
Does 10 divide 657252844?
False
Is 145 a factor of 34538324?
False
Is 226286503 a multiple of 167?
True
Does 22 divide 4132766?
True
Is 492751 a multiple of 28?
False
Does 163 divide 85424388?
True
Is 5 a factor of 1855981710?
True
Is 5 a factor of 2974444?
False
Does 1895 divide 39149881?
False
Is 239087142 a multiple of 59?
False
Is 2986663772 a multiple of 2741?
False
Does 12 divide 9624432?
True
Is 9761228 a multiple of 179?
True
Is 1034 a factor of 416386567?
False
Is 2330 a factor of 70699219?
False
Does 4678 divide 39412748?
False
Is 195 a factor of 269690070?
True
Does 239 divide 1296459401?
False
Is 110041980 a multiple of 5?
True
Does 536 divide 25101416?
True
Is 2089817 a multiple of 426?
False
Is 34985783 a multiple of 437?
True
Does 539 divide 43433159?
True
Does 142 divide 227534410?
True
Is 23 a factor of 2126035015?
True
Is 641 a factor of 34678748?
False
Does 974 divide 2294744?
True
Is 1250506460 a multiple of 2100?
False
Does 8 divide 7945857?
False
Is 19 a factor of 21822305?
False
Is 17 a factor of 47942455?
False
Is 21 a factor of 6475267?
False
Is 96916325 a multiple of 759?
False
Is 235 a factor of 790775?
True
Does 602 divide 15603444?
False
Does 30 divide 1756546230?
True
Does 75 divide 1847694436?
False
Is 496 a factor of 182012939?
False
Is 39994731 a multiple of 3?
True
Is 124 a factor of 46588485?
False
Is 1198 a factor of 88574547?
False
Is 1224565114 a multiple of 142?
False
Is 56 a factor of 83445152?
True
Does 1833 divide 81946098?
True
Does 15 divide 27643873?
False
Is 2428 a factor of 1234951077?
False
Is 279 a factor of 541598042?
False
Is 222015993 a multiple of 425?
False
Is 17 a factor of 1541407?
True
Is 919310 a multiple of 23?
True
Is 568 a factor of 3589380576?
True
Is 276 a factor of 868066368?
True
Is 1457706506 a multiple of 6326?
True
Is 168 a factor of 906250800?
True
Does 209 divide 2907099?
False
Is 186098198 a multiple of 1489?
True
Does 618 divide 331608912?
True
Is 84 a factor of 42525324?
False
Is 14 a factor of 258403336?
False
Is 65 a factor of 162230900?
True
Is 24361040 a multiple of 95?
True
Does 5925 divide 344254350?
True
Is 254 a factor of 24055070?
True
Does 208 divide 305177984?
False
Is 29485730 a multiple of 7?
False
Is 75 a factor of 256078004?
False
Does 45 divide 35820045?
True
Does 48 divide 3197184?
True
Does 12530 divide 2473397988?
False
Does 25 divide 39359850?
True
Is 14 a factor of 8564002?
False
Is 44538025 a multiple of 25?
True
Is 95130542 a multiple of 42?
False
Is 7621 a factor of 3571303801?
False
Is 71 a factor of 14698349?
True
Does 632 divide 2693346?
False
Does 7 divide 783005197?
False
Does 73 divide 117902957?
True
Does 673 divide 91276971?
True
Is 20154709 even?
False
Is 570913830 a multiple of 6?
True
Is 10880 a factor of 2708913280?
True
Is 2162 a factor of 432605390?
True
Is 2728 a factor of 59301485?
False
Is 77 a factor of 15893416?
True
Is 20 a factor of 13807445?
False
Does 39 divide 31289505?
True
Is 27 a factor of 35997507?
True
Is 1451076528 a multiple of 6924?
True
Does 285 divide 16785930?
True
Is 32944000 a multiple of 25?
True
Is 1291220802 a multiple of 802?
True
Is 1034 a factor of 61700848?
True
Is 41589873 a multiple of 1119?
True
Is 406547412 a multiple of 27?
False
Is 8686410 a multiple of 10?
True
Is 1542345420 a multiple of 8?
False
Is 90 a factor of 1715990864?
False
Does 64 divide 493259968?
True
Is 14368224 a multiple of 1508?
True
Is 30580840 a multiple of 21?
False
Does 1107 divide 446382272?
False
Does 78 divide 82808856?
True
Does 12 divide 878485584?
True
Is 11207902 a multiple of 523?
False
Is 121606066 a multiple of 34?
True
Is 461717993 a multiple of 180?
False
Is 180 a factor of 158551402?
False
Is 125565660 a multiple of 33?
True
Is 9907815 a multiple of 81?
False
Does 11 divide 52080281?
True
Is 19 a factor of 18873137?
True
Is 25465349 a multiple of 50?
False
Does 64 divide 3602305131?
False
Is 1392681114 a multiple of 785?
False
Is 3658 a factor of 790704164?
False
Does 2294 divide 81099782?
True
Is 80 a factor of 21059833?
False
Is 2140 a factor of 36566180?
True
Is 2398818 a multiple of 7?
False
Is 3484727528 a multiple of 34?
False
Does 5754 divide 1197190329?
False
Is 278 a factor of 8672145?
False
Is 225 a factor of 16504650?
True
Does 4289 divide 201260?
False
Is 435 a factor of 634451582?
False
Is 49 a factor of 17500742?
True
Is 581206022 a multiple of 110?
False
Is 9843132 a multiple of 4?
True
Does 11 divide 53024554?
True
Is 120989853 a multiple of 171?
True
Does 8 divide 429608248?
True
Is 64720330 a multiple of 1288?
False
Is 1101 a factor of 354860007?
True
Is 84302366 a multiple of 502?
True
Is 1598 a factor of 11121670?
False
Is 377590492 a multiple of 14?
False
Is 3 a factor of 73420473?
True
Is 13 a factor of 58212921?
True
Is 9 a factor of 2949390?
True
Is 1299 a factor of 54445714?
False
Is 15 a factor of 9325607?
False
Is 23 a factor of 5643170336?
True
Is 2050 a factor of 493582629?
False
Is 42 a factor of 29945548?
False
Is 819442898 a multiple of 241?
True
Does 20 divide 223503610?
False
Does 342 divide 717797?
False
Does 28 divide 81407420?
False
Is 14 a factor of 25475817?
False
Is 383 a factor of 1058739156?
True
Is 288292363 a multiple of 1211?
False
Is 243 a factor of 15384816?
True
Is 122852004 a multiple of 737?
True
Is 571485639 a multiple of 3061?
True
Does 12 divide 354476312?
False
Is 209 a factor of 719972814?
True
Is 411965325 a multiple of 1465?
True
Is 71 a factor of 347034510?
True
Does 134 divide 2125925547?
False
Is 128 a factor of 99619840?
True
Does 391 divide 82777437?
True
Is 48951645 a multiple of 90?
False
Is 16 a factor of 1545866113?
False
Is 2598 a factor of 27347549?
False
Is 3874 a factor of 603627310?
True
Does 29 divide 1455860059?
True
Is 28464179 a multiple of 342?
False
Is 23 a factor of 166299154?
True
Does 18 divide 448612920?
True
Is 43 a factor of 2420372992?
True
Does 6 divide 121643711?
False
Is 1512 a factor of 40923792?
True
Is 9008 a factor of 2779499472?
True
Is 55 a factor of 223705460?
True
Is 65 a factor of 1217714793?
False
Is 711 a factor of 3949940941?
False
Does 343 divide 433769805?
True
Is 11728174 a multiple of 794?
True
Is 1353 a factor of 136462227?
True
Is 27 a factor of 899470116?
True
Does 3 divide 278202081?
True
Is 59 a factor of 22538590?
True
Is 97 a factor of 211993810?
False
Is 49 a factor of 45554945?
False
Is 404187350 a multiple of 25?
True
Does 369 divide 16412751?
True
Is 9 a factor of 162376915?
False
Is 365826 even?
True
Is 14 a factor of 17626868?
True
Is 325 a factor of 39508061?
False
Is 51471288 a multiple of 1944?
True
Is 377936330 a multiple of 365?
True
Is 58 a factor of 92412057?
False
Is 201716467 a multiple of 1725?
False
Is 3437779 a multiple of 48?
False
Is 6238 a factor of 2914711738?
True
Is 29 a factor of 2969484?
True
Is 1118 a factor of 55973788?
True
Is 9 a factor of 101616685?
False
Is 67 a factor of 15849386?
True
Is 4 a factor of 159659980?
True
Is 538175484 a multiple of 231?
True
Does 200 divide 21176600?
True
Is 1713882 a multiple of 6?
True
Is 23 a factor of 471098489?
True
Does 19 divide 528887370?
False
Is 135590075 a multiple of 25?
True
Does 8 divide 33254572?
False
Is 55944381 a multiple of 347?
True
Is 721 a factor of 2860716747?
True
Does 27 divide 2336941?
False
Is 191076789 a multiple of 6440?
False
Is 41696018 even?
True
Does 26 divide 360628060?
True
Does 15 divide 16159770?
True
Is 977177000 a multiple of 940?
True
Does 1028 divide 5220184?
True
Does 9 divide 1446876?
True
Is 113 a factor of 73327388?
False
Does 133 divide 20475074?
False
Does 291 divide 30800604?
True
Is 13 a factor 